What is t(r)?
5
Let c(q) be the second derivative of q**6/360 - q**5/60 + q**4/24 - 19*q**3/6 + 20*q. Let v(m) be the second derivative of c(m). What is v(2)?
1
Suppose a + 5*l = 5, 2*a = -0*l - l + 1. Suppose -6*y + 12 + 6 = a. Suppose 1 = 2*j + y. Let b(p) = 6*p**3 + 2*p**2 + 2*p + 1. What is b(j)?
-5
Let m be 36/54 - (2 - 57/9). Let s(k) be the third derivative of -m*k**2 - 1/24*k**4 - 1/6*k**3 + 0*k + 0. Give s(2).
-3
Let o(l) = l**3 + 21*l + 2 - 4*l**2 - 16*l + 7*l - 8*l**2. Give o(11).
13
Let m(p) = 6*p - 7 + 0*p**2 - p**2 + p. Let k be m(5). Let t(y) = 4 - 2*y - 3*y**3 - k + 3*y. Calculate t(-1).
3
Let j(v) be the third derivative of v**4/8 - v**3/3 - 165*v**2. Give j(6).
16
Let y(o) = o + 2. Suppose 0*v = -2*v + 5*l + 23, -4*l - 4 = 0. Suppose -3*i + v = -0. Determine y(i).
5
Let t = 220 - 219. Let r(z) = -14*z**3 - z**2 - z + 1. Determine r(t).
-15
Let h(z) = z**3 - 7*z**2 - 18*z + 2. Suppose 6*s - 9*s = n - 26, 0 = s - n - 10. What is h(s)?
2
Let h(n) = -n**3 + 2*n**2 + 5*n - 2. Let k be h(3). Let i(s) = s - 5*s + s - k*s. Let y(o) = 20*o - 1. Let p(b) = 17*i(b) + 6*y(b). Determine p(4).
-2
Let v(a) = -9 - 5 + 15*a - 11*a. What is v(13)?
38
Suppose 8*c = 10*c - 14. Let q(y) = -10*y**3 - 5*y**2 + 15*y - 12. Let h(p) = -3*p**3 - 2*p**2 + 5*p - 4. Let v(t) = c*h(t) - 2*q(t). Calculate v(-5).
-4
Let m(j) be the first derivative of -13 + 2*j + 0*j**2 + 1/3*j**3 + 1/4*j**4. What is m(0)?
2
Let w = -625 + 626. Let b(j) = -14*j**2 - 2*j + 1. What is b(w)?
-15
Suppose 9*s - 3 = 8*s. Suppose -10 = s*y + y + 2*v, -3*y + 3*v = 30. Let g(n) = n**3 + 6*n**2 + 5*n + 6. Give g(y).
6
Let y(h) = 6*h + 16. Let t(m) = 2*m + 8. Let g(x) = -9*t(x) + 4*y(x). Calculate g(6).
28
Let i(z) = -z**2 - 26 + 121*z - 72*z - 69*z. Give i(-19).
-7
Let l(o) = -2*o**3 - 5*o**2 + 1175*o - 1167*o + 3*o**3 - o**2 + 10 - 2*o**2. What is l(7)?
17
Let o(g) = 5*g**2 + 11*g + 6. Let d(k) = -3 - k + 0*k**2 + 2 - k**2. Let i = -100 + 94. Let w(v) = i*d(v) - o(v). Determine w(5).
0
Let t(h) = -h**3 - 12*h**2 - 2. Let u(y) = -2*y**3 - 21*y**2 - 3. Let d(k) = -5*t(k) + 3*u(k). Let o be 6/3*(-1)/1. Calculate d(o).
-3
Let j = 362 - 359. Let b(h) be the third derivative of h**4/12 - h**3/2 - 4*h**2. Give b(j).
3
Let t(b) = 13 + 2*b**3 - 12*b**2 - 27*b + 16*b + 26*b. Let u(c) = c**3 - 6*c**2 + 8*c + 7. Let g(v) = 3*t(v) - 5*u(v). Calculate g(4).
-8
Let h(y) = -3*y + 7*y + 2*y + 3*y - 44. Let v(s) = 4*s - 21. Let x(d) = -6*h(d) + 13*v(d). What is x(-8)?
7
Let m(w) be the first derivative of -w**2/2 - 3*w - 91. Calculate m(4).
-7
Let y be (27/18)/((-6)/8). Let g(s) = s + 1. Let d(j) = 11*j + 6. Let c(x) = d(x) - 5*g(x). Calculate c(y).
-11
Let v be (-722)/(-266) - 2*2/(-14). Let p(b) = b + 4. Let j be p(-2). Let a(o) = 0*o + o**2 + 2 - j*o - 3*o. Determine a(v).
-4
Let i(a) = 5*a + 9. Suppose 0 = 8*j + 39 + 9. Calculate i(j).
-21
Let j be 0 + (-2 - -2) + -3. Suppose 3*h + 0*h - 6 = 0. Let f(g) = g**3 + 3*g**2 + 3*g**2 - 3*g**2 - h*g - 2. Give f(j).
4
Let l be ((-9)/(-6))/(2/8). Let o(c) = -7*c**2 + 4 + 6*c - 1 + c**3 + 1. Let h be o(l). Let k(f) = f**2 - 6*f + 2. Calculate k(h).
-6
Let z be 11 + -4 + (8 - 19). Let c(v) = -2*v**2 - 5*v + 3. Give c(z).
-9
Let v = 1 + -3. Let p = 38 - 36. Let s(n) = p - 3 - 4*n + 6*n. Give s(v).
-5
Suppose 63 = 3*y - 2*c, 2*y + 0*c - 42 = 3*c. Let x = y - 16. Let o(v) = v**2 - 3*v + 6. Calculate o(x).
16
Let z(o) be the third derivative of -o**6/120 - 11*o**5/60 - o**4/24 - 2*o**3/3 - 46*o**2. Give z(-11).
7
Suppose g = -9 + 11. Let o(a) = -11 - 3*a + 2*a**2 - 4*a**g + 10 - a**2. Suppose f + 2*v - 6 = 0, 5*v = 5*f - f + 28. Give o(f).
-7
Suppose 0 = -z - 4*z + 20. Suppose -5*l + 0 = -2*p - 21, 2*p - z = 0. Let w(n) = -n + 3. Determine w(l).
-2
Let o(p) be the first derivative of p**6/30 - p**5/60 - p**4/24 + 13*p**2/2 + 20. Let t(s) be the second derivative of o(s). What is t(-1)?
-4
Let x(s) = s**2 + 7*s + 3. Let w be x(-6). Let f(h) = -h**3 - 7*h**2 - 2*h + 1. Calculate f(w).
-29
Let d(b) be the first derivative of -2*b + 0*b**2 - 29 + 1/3*b**3. Determine d(-3).
7
Let l(d) = d**3 - 7*d**2 + 7*d - 114. Let n be l(8). Let k(i) = -2*i + 8. Give k(n).
-4
Let b(a) = a**2 + 12*a + 10. Let m = -399 + 389. Calculate b(m).
-10
Let v be 4*(4/6 + 138/(-72)). Let t(j) = -2*j - j**2 + 6 + 0*j - 1 - 4*j. Calculate t(v).
10
Let j(q) = -q**2 - 11*q + 3. Suppose -3*p - 9*g - 39 = -6*g, -2*p - 10 = -2*g. What is j(p)?
21
Let q(b) = 2*b - 6. Suppose -2*w - 22 = -2*n + 2*w, -3*n + 27 = -3*w. Give q(n).
8
Let m be (3/(-9))/(1/(-33)). Let t(p) = m*p**2 + 4*p - 3*p + 6*p**2. Suppose 4*n - 11 = -q, 0 = -157*n + 152*n - 5*q + 40. Give t(n).
18
Let k(v) be the first derivative of -v**4/4 + 3*v**3 - 7*v**2/2 - 5*v - 3. Let f be k(8). Let l(i) = -i + i**2 - 3*i - 1 + f*i. What is l(-2)?
5
Let i(g) = 5*g + 4. Let z = 59 - 58. Let j(t) = -t**2 - t + 1. Let x(d) = z*j(d) - i(d). Suppose -4*o + 5*b - 2 - 14 = 0, 5*b + 20 = -5*o. Determine x(o).
5
Let f be (-2)/(-8)*-3*-4. Let o(v) = -v**2 + 4*v + 1. Let a be o(f). Let s(x) = -2*x + 3 + x**2 - 3*x + 0*x**2. Determine s(a).
-1
Let k(f) = -4*f**3 - f**2 - f - 1. Let b be k(-1). Suppose 6*y - y - 3*x + 4 = 0, -4*y + 5*x - 11 = 0. Let o(s) = 3 + 3*s - 7*s**2 + y + 5*s**2. Calculate o(b).
-5
Let x(t) = -t**2 + t + 7. Let a(r) = -4 - 2*r + 2 + r. Let v be a(-2). Calculate x(v).
7
Let m(o) = -o**2 + 3*o + 7. Suppose 0 = -4*q + 2*n + 120, -2*q - n + 0*n = -64. Let l = 37 - q. What is m(l)?
-11
Let l(r) be the third derivative of -r**4/12 - 5*r**3/2 - r**2 + 39. What is l(-10)?
5
Let x be ((-1862)/(-4))/7*2. Let w be x/(-28) + (-2)/8. Let p(a) = -a - 2. Let h be p(w). Let u(b) = -b**2 + 5*b - 3. Give u(h).
3
Let v(w) be the first derivative of -3*w**2/2 + w + 93. Let d be 12/42 - 24/(-14). Determine v(d).
-5
Suppose n + 8 = 5*n. Let a(w) = w**n + 2*w + w + w**2 + 3. Let p(x) = -x**3 + 10*x**2 - 10*x + 7. Let b be p(9). What is a(b)?
5
Let f(d) be the second derivative of -d**5/20 - 23*d**4/12 + d**3/3 + 25*d**2 - 3*d + 2. What is f(-23)?
4
Let y(f) be the third derivative of 1/2*f**3 + 0*f - 16*f**2 - 1/4*f**4 + 0 - 1/60*f**5. Calculate y(-5).
8
Let t(j) = 9 - 14*j**2 + 15*j**2 + 56*j - 49*j. Calculate t(-7).
9
Let u(j) be the first derivative of 0*j**2 - 5/12*j**4 + 1/20*j**5 - 5 - 7*j + 1/6*j**3. Let a(g) be the first derivative of u(g). What is a(5)?
5
Let m(s) = -16*s**3 - s**2 - s - 1. Let r(p) = 2*p**3 - 7*p**2 - 3*p + 2. Let n be r(5). Let v = 61 - n. What is m(v)?
15
Let n(d) be the second derivative of 1/6*d**3 + 0 - 6*d**2 + 4*d. Let r be n(7). Let b(p) = -2*p - 2. What is b(r)?
8
Let f = -49 + 51. Let b(x) = 7*x - 6*x**f + 11 - 5 + 7*x**2. Suppose 0 = 2*c + 4, -c + 8 - 26 = 4*z. Give b(z).
-6
Let b(t) be the third derivative of -7/6*t**3 - 4*t**2 - 1/12*t**4 + 0*t + 0. What is b(-5)?
3
Let n be (-52)/(-8)*48/52 + -4. Let z(x) = -x**3 + 3*x**2 - 6*x + 3. Calculate z(n).
-5
Let s = 137 - 141. Suppose 2*n + n = -6. Let g(f) = -f**2 - f. Let y(m) = 3*m**2 + 7*m - 3. Let d(a) = n*g(a) - y(a). What is d(s)?
7
Let d(m) = 7*m + 1. Suppose -3*z = -3*g - 18, 0 = -z - 4*g + 1 - 0. Let c be (84/(-18) + z)/((-2)/12). Calculate d(c).
-13
Let v(z) = -4*z + 5. Let l = 16 + -13. Let h(u) = u + 2. Let y be h(l). Give v(y).
-15
Let p be 1 + (22/(-88) - (-19)/(-4)). Let n(s) = s**3 + 5*s**2 + 4*s + 5. Determine n(p).
5
Let r be (-1)/(12/15 + -1). Let j(a) = a**2 + 5*a - 7*a + r*a. Determine j(-3).
0
Let x(o) be the first derivative of -15 - 1/2*o**2 + 13*o. What is x(7)?
6
Let c be 6 - 6*3/18. Let a(m) = -m**2 - 8*m - 4. Let n be a(-7). Let p(q) = -3 + q**2 - 5*q**2 + q**n + q - 4*q. Calculate p(c).
7
Let d(g) = -g - 2. Suppose 5*t + 8 = 3*t. What is d(t)?
2
Let f(n) be the third derivative of -n**7/1260 - 11*n**5/30 + 41*n**2. Let g(v) be the third derivative of f(v). Calculate g(3).
-12
Suppose 2 = -5*l - 4*u, -u = -4*l - 7 - 3. Let p(f) = -f + 5. Let w(o) = -o + 6. Let r(v) = 5*p(v) - 4*w(v). What is r(l)?
3
Let f(v) = v + 4. Suppose 9*d - 5*d - 92 = 0. Suppose p + 17 = 4*u, u - d = -p - 3*u. Suppose z + 2*b = 3*z + 10, 0 = p*b. Determine f(z).
-1
Suppose -5*v + 0*d + d + 15 = 0, v + 6 = 2*d. Let i(l) = -l**3 + 4*l**2 - 4*l + 6. Give i(v).
-10
Let l = 1299 - 1302. Let d(v) = 3*v**3 - 6*v**2 - 2*v - 4. Let g(p) = 5*p**3 - 11*p**2 - 3*p - 8. Let c(s